What is the ten thousands digit of 139840?
3
What is the thousands digit of 19834184?
4
What is the tens digit of 478648?
4
What is the ten thousands digit of 6188572?
8
What is the tens digit of 8602767?
6
What is the units digit of 979844?
4
What is the units digit of 650067?
7
What is the units digit of 2690501?
1
What is the hundreds digit of 4138042?
0
What is the millions digit of 5890141?
5
What is the ten thousands digit of 37005754?
0
What is the thousands digit of 20792?
0
What is the hundred thousands digit of 1090256?
0
What is the tens digit of 692217?
1
What is the units digit of 419123?
3
What is the units digit of 137748?
8
What is the thousands digit of 768594?
8
What is the tens digit of 344549?
4
What is the hundreds digit of 1901939?
9
What is the ten thousands digit of 1148503?
4
What is the units digit of 1239846?
6
What is the units digit of 4232689?
9
What is the ten thousands digit of 11691407?
9
What is the units digit of 75257?
7
What is the ten thousands digit of 4517636?
1
What is the hundreds digit of 172074?
0
What is the ten thousands digit of 7885117?
8
What is the thousands digit of 194191?
4
What is the tens digit of 782614?
1
What is the tens digit of 1124837?
3
What is the hundred thousands digit of 164761?
1
What is the hundreds digit of 129201?
2
What is the hundred thousands digit of 217128?
2
What is the thousands digit of 142701?
2
What is the hundred thousands digit of 232177?
2
What is the hundreds digit of 2280148?
1
What is the hundreds digit of 163935?
9
What is the thousands digit of 58568?
8
What is the hundreds digit of 12519228?
2
What is the thousands digit of 212076?
2
What is the hundred thousands digit of 3187984?
1
What is the ten thousands digit of 26245419?
4
What is the units digit of 2290599?
9
What is the ten thousands digit of 26117062?
1
What is the units digit of 255374?
4
What is the millions digit of 5145662?
5
What is the tens digit of 8846904?
0
What is the thousands digit of 8115931?
5
What is the hundred thousands digit of 8211976?
2
What is the units digit of 7176929?
9
What is the hundreds digit of 270169?
1
What is the tens digit of 7118424?
2
What is the ten thousands digit of 38908587?
0
What is the hundred thousands digit of 682609?
6
What is the tens digit of 821955?
5
What is the hundred thousands digit of 421197?
4
What is the thousands digit of 12629156?
9
What is the units digit of 9256822?
2
What is the tens digit of 1851707?
0
What is the hundred thousands digit of 3418689?
4
What is the thousands digit of 10896289?
6
What is the tens digit of 6804171?
7
What is the ten thousands digit of 83198?
8
What is the units digit of 591351?
1
What is the thousands digit of 332268?
2
What is the ten thousands digit of 158636?
5
What is the tens digit of 1128602?
0
What is the ten thousands digit of 792708?
9
What is the ten thousands digit of 2415926?
1
What is the thousands digit of 4158081?
8
What is the ten thousands digit of 322189?
2
What is the thousands digit of 157630?
7
What is the hundreds digit of 2453458?
4
What is the thousands digit of 5337863?
7
What is the tens digit of 32388918?
1
What is the hundred thousands digit of 560829?
5
What is the tens digit of 1060361?
6
What is the thousands digit of 11860606?
0
What is the units digit of 514438?
8
What is the ten thousands digit of 408206?
0
What is the millions digit of 4729883?
4
What is the thousands digit of 2695763?
5
What is the hundreds digit of 288039?
0
What is the hundreds digit of 2457761?
7
What is the millions digit of 5905600?
5
What is the hundreds digit of 772?
7
What is the thousands digit of 217024?
7
What is the hundred thousands digit of 11719335?
7
What is the hundred thousands digit of 900803?
9
What is the hundred thousands digit of 22397832?
3
What is the ten thousands digit of 10372985?
7
What is the thousands digit of 15247247?
7
What is the millions digit of 1750601?
1
What is the tens digit of 14007?
0
What is the tens digit of 6685737?
3
What is the ten millions digit of 11596986?
1
What is the tens digit of 19945425?
2
What is the units digit of 165417?
7
What is the tens digit of 3227762?
6
What is the hundreds digit of 37096198?
1
What is the tens digit of 1770257?
5
What is the tens digit of 971775?
7
What is the millions digit of 2009838?
2
What is the tens digit of 967309?
0
What is the thousands digit of 162814?
2
What is the ten thousands digit of 6325199?
2
What is the ten thousands digit of 1250785?
5
What is the hundred thousands digit of 322663?
3
What is the thousands digit of 138528?
8
What is the ten thousands digit of 837817?
3
What is the thousands digit of 101158?
1
What is the units digit of 2683618?
8
What is the hundreds digit of 106751?
7
What is the hundred thousands digit of 102738?
1
What is the thousands digit of 478764?
8
What is the hundreds digit of 259067?
0
What is the thousands digit of 310814?
0
What is the ten thousands digit of 532992?
3
What is the ten thousands digit of 1234154?
3
What is the hundreds digit of 273863?
8
What is the units digit of 7307216?
6
What is the units digit of 2902823?
3
What is the units digit of 362516?
6
What is the ten millions digit of 15687868?
1
What is the millions digit of 10602340?
0
What is the units digit of 3921799?
9
What is the units digit of 504314?
4
What is the thousands digit of 3193955?
3
What is the ten thousands digit of 115371?
1
What is the hundred thousands digit of 14359907?
3
What is the thousands digit of 618202?
8
What is the tens digit of 2274231?
3
What is the thousands digit of 2171985?
1
What is the thousands digit of 110342?
0
What is the hundred thousands digit of 655863?
6
What is the thousands digit of 1569392?
9
What is the ten thousands digit of 1408154?
0
What is the hundreds digit of 95641?
6
What is the ten thousands digit of 67251?
6
What is the hundreds digit of 625851?
8
What is the ten thousands digit of 846092?
4
What is the tens digit of 36109?
0
What is the hundred thousands digit of 493534?
4
What is the hundreds digit of 200897?
8
What is the hundreds digit of 4628259?
2
What is the hundred thousands digit of 2858904?
8
What is the hundred thousands digit of 6516258?
5
What is the millions digit of 3117888?
3
What is the ten thousands digit of 1218992?
1
What is the millions digit of 1727256?
1
What is the thousands digit of 279672?
9
What is the units digit of 197551?
1
What is the units digit of 181287?
7
What is the units digit of 24921779?
9
What is the millions digit of 1083874?
1
What is the tens digit of 13615497?
9
What is the thousands digit of 122426?
2
What is the hundred thousands digit of 11212610?
2
What is the tens digit of 743497?
9
What is the ten millions digit of 14896388?
1
What is the hundreds digit of 372091?
0
What is the ten thousands digit of 2526111?
2
What is the ten thousands digit of 115441?
1
What is the thousands digit of 133206?
3
What is the thousands digit of 797691?
7
What is the units digit of 4324?
4
What is the units digit of 1889401?
1
What is the hundred thousands digit of 12130890?
1
What is the tens digit of 314376?
7
What is the hundred thousands digit of 1966451?
9
What is the hundreds digit of 1224259?
2
What is the hundreds digit of 4741853?
8
What is the thousands digit of 9339705?
9
What is the hundreds digit of 137163?
1
What is the tens digit of 30537?
3
What is the millions digit of 2574742?
2
What is the thousands digit of 18703980?
3
What is the units digit of 193655?
5
What is the units digit of 88713?
3
What is the hundreds digit of 1726457?
4
What is the tens digit of 1023870?
7
What is the units digit of 447941?
1
What is the units digit of 15798983?
3
What is the ten thousands digit of 66333?
6
What is the units digit of 1379899?
9
What is the thousands digit of 802954?
2
What is the units digit of 10331870?
0
What is the units digit of 483732?
2
What is the tens digit of 1290829?
2
What is the hundred thousands digit of 1960118?
9
What is the units digit of 523916?
6
What is the hundreds digit of 115773?
7
What is the hundreds digit of 271118?
1
What is the hundreds digit of 3106727?
7
What is the units digit of 681059?
9
What is the hundreds digit of 406620?
6
What is the tens digit of 503235?
3
What is the